/6. Let s(b) = -b**2 + 8*b - 28. Let t be s(7). Let a = t - x. What is the highest common factor of 22 and a?
11
Let i be 1164/48 + (-2)/8. Calculate the greatest common divisor of i and 312.
24
Let b be (6/(120/(-68)))/(5/(-25)). Calculate the greatest common factor of b and 4352.
17
Let w be 401/5 + 31/(-155). Suppose -30 = -3*g + d, -4*d - d - 10 = -g. What is the greatest common factor of g and w?
10
Suppose 8 = -2*c + 22. Let u(w) = -w**2 + 8*w - 3. Let r be u(7). Let o be 2/r*(68 + 2). What is the greatest common divisor of c and o?
7
Let d be 12/8*140/3. Let f = d - 62. What is the highest common divisor of 10 and f?
2
Let l(o) = -o**3 - 9*o**2 - 11*o + 3. Let b be l(-8). Calculate the highest common divisor of b and 12.
3
Suppose 1445 = -2*h + 3*h - 9*d, -5*h - 5*d + 6975 = 0. What is the highest common factor of 56 and h?
56
Let t = 1897 + -1337. What is the greatest common divisor of t and 35?
35
Suppose 2*q = -3*v + 273, -4*q = -3*v + 4*v - 561. Let t = q - -76. What is the highest common divisor of 31 and t?
31
Suppose -3*k - 80 = -2*b, 22 = 4*k - 3*b + 129. Let t = k + 47. Calculate the highest common divisor of 42 and t.
21
Suppose -3*j - 4*c + 7*c + 432 = 0, 576 = 4*j - c. Suppose -3*i = -i - j. Suppose -13*d = 7*d - 180. What is the greatest common factor of i and d?
9
Suppose 2*h - 3*l = 1, -h - 6 = -3*h - 2*l. Suppose 2*p + b + 39 = 0, 2*p - 3*b = h*b - 45. Let m = p - -35. What is the highest common factor of 10 and m?
5
Suppose 2*r - 78 = -4*r. Let l(i) = 2*i**2 + 8*i - 11. Let t be l(-6). What is the highest common factor of r and t?
13
Suppose 42*m - 51*m + 1026 = 0. Calculate the highest common divisor of m and 399.
57
Suppose 0 = 8*t - 1065 - 839. Calculate the greatest common divisor of 14 and t.
14
Let w be 26/(-3)*(-120)/10. Let y = 54 + -28. Calculate the highest common divisor of w and y.
26
Suppose -4 = p - 3*m - 2*m, -3*p + 4 = m. Let u be -2 - (-1 + 118/2). Let y be (p/(-2))/(2/u). Calculate the highest common divisor of 15 and y.
15
Let s = 330 - 305. Let o(v) = -v**3 - v - 5. Let h be o(0). Let f = h + s. What is the greatest common factor of 180 and f?
20
Let q = -666 + 922. Calculate the highest common divisor of 384 and q.
128
Suppose -5*c + 8 = -3*c. Suppose -41 = -c*b + 55. Let f = 53 - -7. What is the highest common divisor of b and f?
12
Let f(c) = 2*c**3 - 9*c**2 + 22*c - 183. Let m be f(7). Calculate the highest common divisor of 81 and m.
27
Let a = -37 + 56. Let l(u) = u**3 - 20*u**2 + 18*u + 28. Let h be l(a). Calculate the highest common factor of 144 and h.
9
Let c be 7 + (0 - 3 - (-32 - -34)). Suppose 2*y - 5*u - 63 = 0, -y + 5*u = 2*y - 87. What is the greatest common divisor of c and y?
2
Suppose 0 = 4*o + 4*x - 48, 2*x + 5 = -5. Let w(y) = y**2 + 3*y - 18. Let i be w(-14). Calculate the highest common divisor of i and o.
17
Suppose -2*l - 2*v + 2 = 0, -4*l - l - 3*v = 1. Let k = -36 + 40. Let h be (k*14/(-4))/l. What is the highest common factor of 49 and h?
7
Let h(c) = 45*c + 3. Suppose 4*n - 20 = 0, 4*y = 4*n - 3*n - 1. Let p be h(y). What is the highest common factor of p and 16?
16
Let q be (-2 + 3/1)*(-25)/(-5). Suppose 0 = j + 3*z - 2, 2*z + 2*z + 10 = q*j. Calculate the greatest common factor of 16 and j.
2
Let m(d) = d**3 + 18*d**2 - 20*d - 15. Let q be m(-19). What is the greatest common factor of q and 50?
2
Suppose -40*n = -2*z - 38*n + 4900, 5*n = 2*z - 4891. What is the greatest common factor of 11 and z?
11
Suppose -10 = 5*v - 4*n, -24 = -2*v - 7*n + 3*n. Let f = 2 + 17. Suppose -f = j - v*j. Calculate the greatest common factor of 95 and j.
19
Let w be (64/(-5))/(124/(-310)). Calculate the highest common divisor of 208 and w.
16
Let b(w) = w**3 - 3*w**2 - 17*w + 14. Let h be b(6). What is the highest common divisor of 30 and h?
10
Suppose 11 = c + 7. Suppose -3*l + 5*q + 2 = -19, -c*q = -2*l + 14. Let m = 70 - 42. Calculate the greatest common factor of l and m.
7
Let z be (1 - (-150)/8) + (-1)/(-4). Suppose 8 = z*p - 18*p. What is the highest common divisor of 8 and p?
4
Let w(v) = 95*v - 97. Let l be w(3). What is the greatest common divisor of l and 4?
4
Let m be (2800/(-196))/(2/(-21)). Calculate the greatest common divisor of 190 and m.
10
Let d be (-181)/(-5) - (203/(-35) - -6). Calculate the highest common divisor of 30 and d.
6
Suppose -5*n + 10 = -0. Suppose n*p - 18 = -4. What is the greatest common factor of p and 7?
7
Let c be 18/(-12)*19044/(-54). Calculate the highest common divisor of c and 23.
23
Suppose 0 = 7*w - 0*w - 21. Suppose 144 = k + w*k. Calculate the highest common divisor of 4 and k.
4
Let k be 3 - (-6)/9*3. Suppose z - 106 = k*j, 4*j + 19 = 5*z - 406. What is the greatest common factor of 9 and z?
9
Let h(i) = 17*i + 3. Let d be h(2). Let x = -32 + d. Suppose x*u = -3*f + 3*u + 330, u = 4*f - 451. What is the highest common divisor of 14 and f?
14
Let j(l) = 9*l - 57. Let r be j(13). Suppose 0 = -10*y + 9*y + r. Calculate the greatest common divisor of 90 and y.
30
Suppose 24 = -3*v + 6. Let c(q) = q**3 + 6*q**2 - 5*q - 9. Let r be c(v). Calculate the highest common factor of r and 7.
7
Let a be ((-120)/(1 + 2) + -1)*3. Let b = a + 168. Calculate the greatest common factor of b and 45.
45
Let f(l) be the first derivative of 4*l**2 + 2*l + 7. Let z be f(-9). Let a be (27/45)/((-2)/z). Calculate the highest common divisor of 3 and a.
3
Let z be 4/18 + (-160)/72. Let a be 6*z/(-4)*1. Suppose 0 = -a*w - n + 9, n - 4*n - 5 = w. What is the greatest common factor of 36 and w?
4
Suppose -47*a - 2400 = -67*a. What is the highest common factor of 320 and a?
40
Let c(k) = 473*k + 67. Let a be c(1). Calculate the highest common factor of a and 12.
12
Suppose z = 2*z - 2*p + 6, 4*p = -5*z + 40. Suppose -t - 8 = -z*c - 3, -5*c = -4*t + 13. What is the highest common factor of 7 and t?
7
Let b(p) = p**2 + 4*p + 10. Let t be b(-10). Let y(q) = 2*q**2 - 4*q + 4. Suppose -12 = c - 5*c. Let r be y(c). What is the highest common factor of t and r?
10
Suppose -22*g + 1613 = -1621. Let s be (-1 + 3)*(-84)/(-8). Calculate the highest common divisor of g and s.
21
Let q = -35 - 26. Let b = -32 - q. Let n = b - 17. What is the greatest common factor of n and 8?
4
Let m(f) = 2*f**2 - 2*f - 8. Let s be m(7). Let u = -139 + s. Let r = u - -90. Calculate the greatest common divisor of 297 and r.
27
Let z be -2*(43/(-10) - 16/(-20)). Suppose 6*w + 12 = z*w. Calculate the highest common factor of w and 18.
6
Suppose -1743 = -5*q + 567. What is the greatest common divisor of q and 84?
42
Let m be 12/78 + (-969)/(-39). Suppose -c - 3*c - 4*k = -52, -c + 2*k = -m. What is the highest common divisor of c and 187?
17
Let o be 3/12 - 182/(-8). Let j = o + -40. Let m = j - -26. Calculate the greatest common factor of m and 6.
3
Let d be 120/(-8)*(-2)/5. Suppose d*k - 201 = -57. Calculate the highest common divisor of 3 and k.
3
Let c be -5 + 1/(-12)*-6*334. What is the greatest common factor of c and 24?
6
Let u = -21 - -93. Let o(y) = -y - 2. Let i be o(-5). Let q = 12 - i. Calculate the greatest common divisor of q and u.
9
Suppose -5*d - 294 = -8*d. Suppose 0 = 4*j - 5*a - 337, 0 = -2*j + 3*j + a - 91. Let w = -74 + j. Calculate the highest common factor of d and w.
14
Suppose 748 = -16*m - 324. Let x = m + 75. Let i be (-1)/((-1 - 0)*1). What is the highest common divisor of i and x?
1
Suppose 4*m - 563 = -r, 0 = 5*m + 2*r - 228 - 472. Suppose 5*u = 18 + m. Calculate the highest common factor of 48 and u.
16
Let j be 52/(-12) + 4/(-6). Let u(o) = o - 224 + 458 - 228. Let v be u(j). What is the highest common divisor of 4 and v?
1
Suppose 48*w - 270 = 30*w. What is the highest common divisor of 395 and w?
5
Let o = -6 + 4. Let j be 77 + 8 + 8/o. Let w = 8 - -1. What is the greatest common factor of j and w?
9
Suppose 13*k + 13*k - 806 = 0. Calculate the greatest common factor of k and 93.
31
Suppose -10*m + 278 = -842. What is the highest common divisor of m and 280?
56
Let l(k) = k**3 - 15*k**2 - 13*k - 37. Let c be l(17). What is the highest common factor of 20 and c?
20
Let d(x) = 1. Let p(i) = -i**2 - 6*i - 7. Let m(r) = 3*d(r) + p(r). Let z be m(-5). Suppose t - z - 1 = 0. Calculate the highest common divisor of 3 and t.
1
Suppose 12*b + 1392 = 28*b. What is the highest co